{"id":2769,"date":"2021-10-09T07:21:33","date_gmt":"2021-10-09T07:21:33","guid":{"rendered":"https:\/\/aurelium.label-3.com\/?page_id=2769"},"modified":"2026-02-04T14:07:38","modified_gmt":"2026-02-04T14:07:38","slug":"kontakt","status":"publish","type":"page","link":"https:\/\/aurelium.de\/?page_id=2769","title":{"rendered":"KONTAKT"},"content":{"rendered":"<h2>\n<h1 style=\"color: white; display: inline-block; background-color: #ebaf1b; padding: 10px;  line-height:70px\">KONTAKT &#038; ANFAHRT<\/h1>\n<\/h2>\n<h2><span style=\"color: #ffffff;\"><span style=\"font-size: 32px; background-color: #ebaf1b;  padding: 10px;\">ANFAHRT<\/span><\/span><\/h2>\n<div>\n<p><span><b>AURELIUM<br \/><\/b><\/span><b>Kultur und Begegnung<br \/><\/b><b>Am Anger 1<br \/><\/b><b>93138 Lappersdorf<\/b><\/p>\n<p><span><b>T 0941-83099055<br \/><\/b><\/span><b>F 0941-83099059<\/b><\/p>\n<p><span><b><u><a href=\"mailto:aurelium@lappersdorf.de\" rel=\"noreferrer noopener\" target=\"_blank\" title=\"mailto:aurelium@lappersdorf.de\" tabindex=\"-1\">aurelium@lappersdorf.de<\/a><\/u><\/b><\/span><\/p>\n<\/div>\n<div>\n<p>49.0491,12.0914<\/p>\n<p><a href=\"https:\/\/www.google.com\/maps\/dir\/49.0866444,12.8843404\/AURELIUM+Kultur+und+Begegnung,+Am+Anger+1,+93138+Lappersdorf\/@49.071099,12.3327372,11z\/data=!3m1!4b1!4m17!1m6!3m5!1s0x479fc02cee399ee3:0x45ae201e732e7446!2sAURELIUM+Kultur+und+Begegnung!8m2!3d49.049012!4d12.0918121!4m9!1m1!4e1!1m5!1m1!1s0x479fc02cee399ee3:0x45ae201e732e7446!2m2!1d12.0918121!2d49.049012!3e0\">Hierher navigieren<\/a><\/p>\n<\/div>\n<div>\n<p><span style=\"color: #ffffff;\"><span style=\"font-size: 32px; background-color: #ebaf1b; padding: 10px; line-height: 70px;\">EINER DER VORZ\u00dcGE DES AURELIUM IST DIE IDEALE VERKEHRSANBINDUNG<\/span><\/span><\/p>\n<p><span>AUTO:\u00a0 Beste Verkehrsanbindung \u00fcber die A93 Abfahrt R-Nord, Kreisstrasse R18, Bundesstrasse B16<\/span><\/p>\n<p><span>BUS\/BAHN:\u00a0 Entfernung zum Regensburger Hauptbahnhof 7 km mit direkter Busanbindung (RVV Linie 13, Haltestelle: Kapelle\/AURELIUM)<\/span><\/p>\n<p><span>Das AURELIUM ist in der Ortsmitte von Lappersdorf gelegen.<\/span><\/p>\n<p><span>\u00a0<\/span><\/p>\n<\/div>\n<h2><span style=\"color: #ffffff;\"><span style=\"font-size: 32px; background-color: #ebaf1b; padding: 10px; line-height: 70px;\">TICKET = RVV-FAHRAUSWEIS (\u00d6PNV)<\/span><\/span><\/h2>\n<p><img decoding=\"async\" src=\"\/wp-content\/uploads\/2021\/10\/211011_Aurelium_U4_SK.jpg\" alt=\"\"><br \/>\n<img decoding=\"async\" src=\"\/wp-content\/uploads\/2021\/10\/Bus.jpg\" alt=\"\"><\/p>\n<div>\n<p><span>Mit dem Regensburger Verkehrsverbund (RVV) gibt es eine weitreichende Kooperation zur kostenlosen Benutzung aller Buslinien und Nahverkehrsz\u00fcge (2. Klasse) im gesamten Tarifgebiet. <\/span><\/p>\n<p><span>Mit dem \u201eRVV-AURELIUM-Kombi-Ticket\u201c ist jeweils eine Person berechtigt, f\u00fcr die Fahrt zur Veranstaltung (4 Stunden vorher) und die R\u00fcckfahrt (bis Betriebsschluss) am gleichen Tag den RVV kostenlos zu nutzen.<\/span><\/p>\n<div id=\"c77\" class=\"csc-default\"><\/div>\n<\/div>\n<h2><span style=\"color: #ffffff;\"><span style=\"font-size: 32px; background-color: #ebaf1b; padding: 10px;\">PARKEN<\/span><\/span><\/h2>\n<div>\n<p><span>Lappersdorf Mitte \u2013 ca. 120 Stellpl\u00e4tze <br \/><\/span><span>(Eingabe f\u00fcr Navi: Pielm\u00fchler Str. 4 bei Cafe Hahn)<\/span><\/p>\n<p><span>Am Anger \u2013 ca. 80 Stellpl\u00e4tze <br \/>(Eingabe f\u00fcr Navi: Regensburger Str. 31 bei \u00c4rztehaus)\u00a0<\/span><\/p>\n<p><span>Zus\u00e4tzliche Parkplatz-Kapazit\u00e4ten sind in fu\u00dfl\u00e4ufiger Entfernung vorhanden.<\/span><\/p>\n<p><span>P+R Pielm\u00fchle<\/span><\/p>\n<\/div>\n<p><img decoding=\"async\" src=\"\/wp-content\/uploads\/2021\/10\/Parken.jpg\" alt=\"\"><\/p>\n<h2><span style=\"color: #ffffff;\"><span style=\"font-size: 32px; background-color: #ebaf1b; padding: 10px;\">ANSPRECHPARTNER<\/span><\/span><\/h2>\n<div>\n<p><span>Firmenfeiern, Tagungen und Kongresse, Meetings, Jahresversammlungen, Seminare und Workshops<br \/><\/span><span> \u2013 was immer Sie mit Partnern, Mitarbeitern, Kunden oder geladenen G\u00e4sten planen, bei uns sind Sie richtig!<\/span><\/p>\n<p><span>Wir stellen uns auf Ihre W\u00fcnsche ein und unterbreiten Ihnen daf\u00fcr gerne ein individuelles Angebot.<\/span><\/p>\n<\/div>\n<div>\n<p>    <img decoding=\"async\" src=\"\/wp-content\/uploads\/2021\/09\/csm_Aurelium_klaus_wenk_76d8524120.jpg\" alt=\"\"><\/p>\n<h3>KLAUS WENK<\/h3>\n<div>\n<p><span><b>Leitung AURELIUM<br \/><\/b><\/span><span><b><u><a href=\"mailto:klaus.wenk@lappersdorf.de\" rel=\"noreferrer noopener\" target=\"_blank\" title=\"mailto:klaus.wenk@lappersdorf.de\" tabindex=\"-1\">klaus.wenk@lappersdorf.de<\/a><\/u><\/b><\/span><\/p>\n<p><span><b>T 0941-83099055<\/b><\/span><\/p>\n<\/div>\n<\/div>\n<ul>\n<li>\n<h3>STEFANIE SCHILD<\/h3>\n<div>\n<p><span><b>Assistenz Leitung AURELIUM<br \/><\/b><\/span><span><b><u><a href=\"mailto:stefanie.schild@lappersdorf.de\" rel=\"noreferrer noopener\" target=\"_blank\" title=\"mailto:klaus.wenk@lappersdorf.de\" tabindex=\"-1\">stefanie.schild@lappersdorf.de<\/a><\/u><\/b><\/span><\/p>\n<p><span><b>T 0941-83099055<\/b><\/span><\/p>\n<\/div>\n<\/li>\n<li>\n<h3>MARION URBAN<\/h3>\n<div>\n<p><span><b>Kasse\/Veranstaltungsbetreuung AURELIUM<br \/><\/b><\/span><span><b><u><a href=\"mailto:aurelium@lappersdorf.de\" rel=\"noreferrer noopener\" target=\"_blank\" title=\"mailto:klaus.wenk@lappersdorf.de\" tabindex=\"-1\">aurelium@lappersdorf.de<\/a><\/u><\/b><\/span><\/p>\n<p><span><b>T 0941-83099056<\/b><\/span><\/p>\n<\/div>\n<\/li>\n<li>\n<h3>FELIX DIRMEIER<\/h3>\n<div>\n<p><span><b>Haustechnik AURELIUM<br \/><\/b><\/span><span><b><u><a href=\"mailto:mathias.hippe@lappersdorf.de\" rel=\"noreferrer noopener\" target=\"_blank\" title=\"mailto:klaus.wenk@lappersdorf.de\" tabindex=\"-1\">felix.dirmeier@lappersdorf.de<\/a><\/u><\/b><\/span><\/p>\n<p><span><b>T 0941-83099058<\/b><\/span><\/p>\n<\/div>\n<\/li>\n<li>\n<h3>MORITZ B\u00c4CKER<\/h3>\n<div>\n<p><span><b>Veranstaltungstechnik AURELIUM<br \/><\/b><\/span><span><b><u><a href=\"mailto:moritz.baecker@lappersdorf.de\" rel=\"noreferrer noopener\" target=\"_blank\" title=\"mailto:klaus.wenk@lappersdorf.de\" tabindex=\"-1\">moritz.baecker@lappersdorf.de<\/a><\/u><\/b><\/span><\/p>\n<p><span><b>T 0941-83099058 <\/b><\/span><\/p>\n<p><span><b>H 0170-1559838<br \/><\/b><\/span><\/p>\n<\/div>\n<\/li>\n<\/ul>\n<p><!--more--><br \/>\n<!-- {\"type\":\"layout\",\"children\":[{\"type\":\"section\",\"props\":{\"image_position\":\"center-center\",\"style\":\"default\",\"title_breakpoint\":\"xl\",\"title_position\":\"top-left\",\"title_rotation\":\"left\",\"vertical_align\":\"middle\",\"width\":\"default\"},\"children\":[{\"type\":\"row\",\"children\":[{\"type\":\"column\",\"props\":{\"image_position\":\"center-center\",\"position_sticky_breakpoint\":\"m\"},\"children\":[{\"type\":\"headline\",\"props\":{\"content\":\"\n\n<h1 style=\\\"color: white; display: inline-block; background-color: #ebaf1b; padding: 10px;  line-height:70px\\\">KONTAKT & ANFAHRT<\\\/h1>\",\"title_element\":\"h2\"}}]}]}]},{\"type\":\"section\",\"props\":{\"id\":\"anfahrt\",\"image_position\":\"center-center\",\"style\":\"secondary\",\"title_breakpoint\":\"xl\",\"title_position\":\"top-left\",\"title_rotation\":\"left\",\"vertical_align\":\"middle\",\"width\":\"default\"},\"children\":[{\"type\":\"row\",\"children\":[{\"type\":\"column\",\"props\":{\"image_position\":\"center-center\",\"position_sticky_breakpoint\":\"m\"},\"children\":[{\"type\":\"headline\",\"props\":{\"content\":\"<span style=\\\"color: #ffffff;\\\"><span style=\\\"font-size: 32px; background-color: #ebaf1b;  padding: 10px;\\\">ANFAHRT<\\\/span><\\\/span>\",\"title_element\":\"h2\"}}]}]},{\"type\":\"row\",\"props\":{\"layout\":\"1-4,3-4\"},\"children\":[{\"type\":\"column\",\"props\":{\"image_position\":\"center-center\",\"position_sticky_breakpoint\":\"m\",\"width_medium\":\"1-4\"},\"children\":[{\"type\":\"text\",\"props\":{\"column_breakpoint\":\"m\",\"content\":\"\n\n<p><span><b>AURELIUM<br \\\/><\\\/b><\\\/span><b>Kultur und Begegnung<br \\\/><\\\/b><b>Am Anger 1<br \\\/><\\\/b><b>93138 Lappersdorf<\\\/b><\\\/p>\\n\n\n<p><span><b>T 0941-83099055<br \\\/><\\\/b><\\\/span><b>F 0941-83099059<\\\/b><\\\/p>\\n\n\n<p><span><b><u><a href=\\\"mailto:aurelium@lappersdorf.de\\\" rel=\\\"noreferrer noopener\\\" target=\\\"_blank\\\" title=\\\"mailto:aurelium@lappersdorf.de\\\" tabindex=\\\"-1\\\">aurelium@lappersdorf.de<\\\/a><\\\/u><\\\/b><\\\/span><\\\/p>\",\"margin\":\"default\"}}]},{\"type\":\"column\",\"props\":{\"image_position\":\"center-center\",\"position_sticky_breakpoint\":\"m\",\"width_medium\":\"3-4\"},\"children\":[{\"type\":\"map\",\"props\":{\"controls\":true,\"dragging\":true,\"image_link\":true,\"image_svg_color\":\"emphasis\",\"link_style\":\"primary\",\"link_target\":true,\"link_text\":\"Hierher navigieren\",\"margin\":\"default\",\"max_zoom\":18,\"meta_align\":\"below-title\",\"meta_element\":\"div\",\"meta_style\":\"text-meta\",\"min_zoom\":0,\"poi\":false,\"show_content\":true,\"show_image\":true,\"show_link\":true,\"show_meta\":true,\"show_title\":true,\"styler_invert_lightness\":true,\"title_element\":\"h3\",\"title_hover_style\":\"reset\",\"type\":\"roadmap\",\"zoom\":10,\"zooming\":true},\"children\":[{\"type\":\"map_item\",\"props\":{\"link\":\"https:\\\/\\\/www.google.com\\\/maps\\\/dir\\\/49.0866444,12.8843404\\\/AURELIUM+Kultur+und+Begegnung,+Am+Anger+1,+93138+Lappersdorf\\\/@49.071099,12.3327372,11z\\\/data=!3m1!4b1!4m17!1m6!3m5!1s0x479fc02cee399ee3:0x45ae201e732e7446!2sAURELIUM+Kultur+und+Begegnung!8m2!3d49.049012!4d12.0918121!4m9!1m1!4e1!1m5!1m1!1s0x479fc02cee399ee3:0x45ae201e732e7446!2m2!1d12.0918121!2d49.049012!3e0\",\"location\":\"49.0491,12.0914\"}}]}]}]},{\"type\":\"row\",\"children\":[{\"type\":\"column\",\"props\":{\"image_position\":\"center-center\",\"position_sticky_breakpoint\":\"m\"},\"children\":[{\"type\":\"text\",\"props\":{\"column_breakpoint\":\"m\",\"content\":\"\n\n<p><\\\/p>\\n\n\n<p><span style=\\\"color: #ffffff;\\\"><span style=\\\"font-size: 32px; background-color: #ebaf1b; padding: 10px; line-height: 70px;\\\">EINER DER VORZ\\u00dcGE DES AURELIUM IST DIE IDEALE VERKEHRSANBINDUNG<\\\/span><\\\/span><\\\/p>\\n\n\n<p><span>AUTO:\\u00a0 Beste Verkehrsanbindung \\u00fcber die A93 Abfahrt R-Nord, Kreisstrasse R18, Bundesstrasse B16<\\\/span><\\\/p>\\n\n\n<p><span>BUS\\\/BAHN:\\u00a0 Entfernung zum Regensburger Hauptbahnhof 7 km mit direkter Busanbindung (RVV Linie 13, Haltestelle: Kapelle\\\/AURELIUM)<\\\/span><\\\/p>\\n\n\n<p><span>Das AURELIUM ist in der Ortsmitte von Lappersdorf gelegen.<\\\/span><\\\/p>\\n\n\n<p><span>\\u00a0<\\\/span><\\\/p>\",\"margin\":\"default\"}}]}]}],\"modified\":\"2021-10-03T14:26:46.442Z\",\"name\":\"stripe\"},{\"type\":\"section\",\"props\":{\"image_position\":\"center-center\",\"style\":\"default\",\"title_breakpoint\":\"xl\",\"title_position\":\"top-left\",\"title_rotation\":\"left\",\"vertical_align\":\"middle\",\"width\":\"default\"},\"children\":[{\"type\":\"row\",\"children\":[{\"type\":\"column\",\"props\":{\"image_position\":\"center-center\",\"position_sticky_breakpoint\":\"m\"},\"children\":[{\"type\":\"headline\",\"props\":{\"content\":\"<span style=\\\"color: #ffffff;\\\"><span style=\\\"font-size: 32px; background-color: #ebaf1b; padding: 10px; line-height: 70px;\\\">TICKET = RVV-FAHRAUSWEIS (\\u00d6PNV)<\\\/span><\\\/span>\",\"title_element\":\"h2\"}}]}]},{\"type\":\"row\",\"props\":{\"layout\":\"1-4,1-4,1-2|1-2,1-2,1-1\"},\"children\":[{\"type\":\"column\",\"props\":{\"image_position\":\"center-center\",\"position_sticky_breakpoint\":\"m\",\"width_medium\":\"1-4\",\"width_small\":\"1-2\"},\"children\":[{\"type\":\"image\",\"props\":{\"image\":\"wp-content\\\/uploads\\\/2021\\\/10\\\/211011_Aurelium_U4_SK.jpg\",\"image_height\":\"250\",\"image_svg_color\":\"emphasis\",\"margin\":\"default\"}}]},{\"type\":\"column\",\"props\":{\"image_position\":\"center-center\",\"position_sticky_breakpoint\":\"m\",\"width_medium\":\"1-4\",\"width_small\":\"1-2\"},\"children\":[{\"type\":\"image\",\"props\":{\"image\":\"wp-content\\\/uploads\\\/2021\\\/10\\\/Bus.jpg\",\"image_height\":\"250\",\"image_svg_color\":\"emphasis\",\"margin\":\"default\"}}]},{\"type\":\"column\",\"props\":{\"image_position\":\"center-center\",\"position_sticky_breakpoint\":\"m\",\"width_medium\":\"1-2\",\"width_small\":\"1-1\"},\"children\":[{\"type\":\"text\",\"props\":{\"column_breakpoint\":\"m\",\"content\":\"\n\n<p><span>Mit dem Regensburger Verkehrsverbund (RVV) gibt es eine weitreichende Kooperation zur kostenlosen Benutzung aller Buslinien und Nahverkehrsz\\u00fcge (2. Klasse) im gesamten Tarifgebiet. <\\\/span><\\\/p>\\n\n\n<p><span>Mit dem \\u201eRVV-AURELIUM-Kombi-Ticket\\u201c ist jeweils eine Person berechtigt, f\\u00fcr die Fahrt zur Veranstaltung (4 Stunden vorher) und die R\\u00fcckfahrt (bis Betriebsschluss) am gleichen Tag den RVV kostenlos zu nutzen.<\\\/span><\\\/p>\\n\n\n<div id=\\\"c77\\\" class=\\\"csc-default\\\"><\\\/div>\",\"margin\":\"default\"}}]}]}],\"modified\":\"2021-09-17T13:33:01.500Z\",\"name\":\"RVV\"},{\"type\":\"section\",\"props\":{\"image_position\":\"center-center\",\"style\":\"secondary\",\"title_breakpoint\":\"xl\",\"title_position\":\"top-left\",\"title_rotation\":\"left\",\"vertical_align\":\"middle\",\"width\":\"default\"},\"children\":[{\"type\":\"row\",\"children\":[{\"type\":\"column\",\"props\":{\"image_position\":\"center-center\",\"position_sticky_breakpoint\":\"m\"},\"children\":[{\"type\":\"headline\",\"props\":{\"content\":\"<span style=\\\"color: #ffffff;\\\"><span style=\\\"font-size: 32px; background-color: #ebaf1b; padding: 10px;\\\">PARKEN<\\\/span><\\\/span>\",\"title_element\":\"h2\"}}]}]},{\"type\":\"row\",\"props\":{\"layout\":\"1-2,1-2\"},\"children\":[{\"type\":\"column\",\"props\":{\"image_position\":\"center-center\",\"position_sticky_breakpoint\":\"m\",\"width_medium\":\"1-2\"},\"children\":[{\"type\":\"text\",\"props\":{\"column_breakpoint\":\"m\",\"content\":\"\n\n<p><span>Lappersdorf Mitte \\u2013 ca. 120 Stellpl\\u00e4tze <br \\\/><\\\/span><span>(Eingabe f\\u00fcr Navi: Pielm\\u00fchler Str. 4 bei Cafe Hahn)<\\\/span><\\\/p>\\n\n\n<p><span>Am Anger \\u2013 ca. 80 Stellpl\\u00e4tze <br \\\/>(Eingabe f\\u00fcr Navi: Regensburger Str. 31 bei \\u00c4rztehaus)\\u00a0<\\\/span><\\\/p>\\n\n\n<p><span>Zus\\u00e4tzliche Parkplatz-Kapazit\\u00e4ten sind in fu\\u00dfl\\u00e4ufiger Entfernung vorhanden.<\\\/span><\\\/p>\\n\n\n<p><span>P+R Pielm\\u00fchle<\\\/span><\\\/p>\",\"margin\":\"default\"}}]},{\"type\":\"column\",\"props\":{\"image_position\":\"center-center\",\"position_sticky_breakpoint\":\"m\",\"width_medium\":\"1-2\"},\"children\":[{\"type\":\"image\",\"props\":{\"image\":\"wp-content\\\/uploads\\\/2021\\\/10\\\/Parken.jpg\",\"image_svg_color\":\"emphasis\",\"image_width\":\"300\",\"margin\":\"default\"}}]}]}],\"modified\":\"2021-10-03T14:26:46.442Z\",\"name\":\"stripe\"},{\"type\":\"section\",\"props\":{\"id\":\"personen\",\"image_position\":\"center-center\",\"style\":\"default\",\"title_breakpoint\":\"xl\",\"title_position\":\"top-left\",\"title_rotation\":\"left\",\"vertical_align\":\"middle\",\"width\":\"default\"},\"children\":[{\"type\":\"row\",\"children\":[{\"type\":\"column\",\"props\":{\"image_position\":\"center-center\",\"position_sticky_breakpoint\":\"m\"},\"children\":[{\"type\":\"headline\",\"props\":{\"content\":\"<span style=\\\"color: #ffffff;\\\"><span style=\\\"font-size: 32px; background-color: #ebaf1b; padding: 10px;\\\">ANSPRECHPARTNER<\\\/span><\\\/span>\",\"title_element\":\"h2\"}},{\"type\":\"text\",\"props\":{\"column_breakpoint\":\"m\",\"content\":\"\n\n<p><\\\/p>\\n\n\n<p><span>Firmenfeiern, Tagungen und Kongresse, Meetings, Jahresversammlungen, Seminare und Workshops<br \\\/><\\\/span><span> \\u2013 was immer Sie mit Partnern, Mitarbeitern, Kunden oder geladenen G\\u00e4sten planen, bei uns sind Sie richtig!<\\\/span><\\\/p>\\n\n\n<p><span>Wir stellen uns auf Ihre W\\u00fcnsche ein und unterbreiten Ihnen daf\\u00fcr gerne ein individuelles Angebot.<\\\/span><\\\/p>\",\"margin\":\"default\"}}]}]},{\"type\":\"row\",\"children\":[{\"type\":\"column\",\"props\":{\"image_position\":\"center-center\",\"position_sticky_breakpoint\":\"m\"},\"children\":[{\"type\":\"grid\",\"props\":{\"content_column_breakpoint\":\"m\",\"filter_align\":\"left\",\"filter_all\":true,\"filter_grid_breakpoint\":\"m\",\"filter_grid_width\":\"auto\",\"filter_position\":\"top\",\"filter_style\":\"tab\",\"grid_default\":\"1\",\"grid_medium\":\"2\",\"icon_width\":\"300\",\"image_align\":\"top\",\"image_grid_breakpoint\":\"m\",\"image_grid_width\":\"1-2\",\"image_svg_color\":\"emphasis\",\"item_animation\":true,\"link_style\":\"default\",\"link_text\":\"Read more\",\"margin\":\"default\",\"meta_align\":\"below-title\",\"meta_element\":\"div\",\"meta_style\":\"text-meta\",\"panel_padding\":\"default\",\"panel_style\":\"card-secondary\",\"parallax_easing\":\"1\",\"show_content\":true,\"show_image\":false,\"show_link\":true,\"show_meta\":true,\"show_title\":true,\"title_align\":\"top\",\"title_element\":\"h3\",\"title_grid_breakpoint\":\"m\",\"title_grid_width\":\"1-2\",\"title_hover_style\":\"reset\"},\"children\":[{\"type\":\"grid_item\",\"props\":{\"content\":\"\n\n<p><span><b>Leitung AURELIUM<br \\\/><\\\/b><\\\/span><span><b><u><a href=\\\"mailto:klaus.wenk@lappersdorf.de\\\" rel=\\\"noreferrer noopener\\\" target=\\\"_blank\\\" title=\\\"mailto:klaus.wenk@lappersdorf.de\\\" tabindex=\\\"-1\\\">klaus.wenk@lappersdorf.de<\\\/a><\\\/u><\\\/b><\\\/span><\\\/p>\\n\n\n<p><span><b>T 0941-83099055<\\\/b><\\\/span><\\\/p>\",\"image\":\"wp-content\\\/uploads\\\/2021\\\/09\\\/csm_Aurelium_klaus_wenk_76d8524120.jpg\",\"title\":\"KLAUS WENK\"}}]}]}]},{\"type\":\"row\",\"children\":[{\"type\":\"column\",\"props\":{\"image_position\":\"center-center\",\"position_sticky_breakpoint\":\"m\"},\"children\":[{\"type\":\"grid\",\"props\":{\"content_column_breakpoint\":\"m\",\"filter_align\":\"left\",\"filter_all\":true,\"filter_grid_breakpoint\":\"m\",\"filter_grid_width\":\"auto\",\"filter_position\":\"top\",\"filter_style\":\"tab\",\"grid_default\":\"1\",\"grid_medium\":\"2\",\"icon_width\":\"300\",\"image_align\":\"top\",\"image_grid_breakpoint\":\"m\",\"image_grid_width\":\"1-2\",\"image_svg_color\":\"emphasis\",\"item_animation\":true,\"link_style\":\"default\",\"link_text\":\"Read more\",\"margin\":\"default\",\"meta_align\":\"below-title\",\"meta_element\":\"div\",\"meta_style\":\"text-meta\",\"panel_padding\":\"default\",\"panel_style\":\"card-secondary\",\"parallax_easing\":\"1\",\"show_content\":true,\"show_image\":false,\"show_link\":true,\"show_meta\":true,\"show_title\":true,\"title_align\":\"top\",\"title_element\":\"h3\",\"title_grid_breakpoint\":\"m\",\"title_grid_width\":\"1-2\",\"title_hover_style\":\"reset\"},\"children\":[{\"type\":\"grid_item\",\"props\":{\"content\":\"\n\n<p><span><b>Assistenz Leitung AURELIUM<br \\\/><\\\/b><\\\/span><span><b><u><a href=\\\"mailto:stefanie.schild@lappersdorf.de\\\" rel=\\\"noreferrer noopener\\\" target=\\\"_blank\\\" title=\\\"mailto:klaus.wenk@lappersdorf.de\\\" tabindex=\\\"-1\\\">stefanie.schild@lappersdorf.de<\\\/a><\\\/u><\\\/b><\\\/span><\\\/p>\\n\n\n<p><span><b>T 0941-83099055<\\\/b><\\\/span><\\\/p>\",\"image\":\"\",\"title\":\"STEFANIE SCHILD\"}},{\"type\":\"grid_item\",\"props\":{\"content\":\"\n\n<p><span><b>Kasse\\\/Veranstaltungsbetreuung AURELIUM<br \\\/><\\\/b><\\\/span><span><b><u><a href=\\\"mailto:aurelium@lappersdorf.de\\\" rel=\\\"noreferrer noopener\\\" target=\\\"_blank\\\" title=\\\"mailto:klaus.wenk@lappersdorf.de\\\" tabindex=\\\"-1\\\">aurelium@lappersdorf.de<\\\/a><\\\/u><\\\/b><\\\/span><\\\/p>\\n\n\n<p><span><b>T 0941-83099056<\\\/b><\\\/span><\\\/p>\",\"title\":\"MARION URBAN\"}},{\"type\":\"grid_item\",\"props\":{\"content\":\"\n\n<p><span><b>Haustechnik AURELIUM<br \\\/><\\\/b><\\\/span><span><b><u><a href=\\\"mailto:mathias.hippe@lappersdorf.de\\\" rel=\\\"noreferrer noopener\\\" target=\\\"_blank\\\" title=\\\"mailto:klaus.wenk@lappersdorf.de\\\" tabindex=\\\"-1\\\">felix.dirmeier@lappersdorf.de<\\\/a><\\\/u><\\\/b><\\\/span><\\\/p>\\n\n\n<p><span><b>T 0941-83099058<\\\/b><\\\/span><\\\/p>\",\"title\":\"FELIX DIRMEIER\"}},{\"type\":\"grid_item\",\"props\":{\"content\":\"\n\n<p><span><b>Veranstaltungstechnik AURELIUM<br \\\/><\\\/b><\\\/span><span><b><u><a href=\\\"mailto:moritz.baecker@lappersdorf.de\\\" rel=\\\"noreferrer noopener\\\" target=\\\"_blank\\\" title=\\\"mailto:klaus.wenk@lappersdorf.de\\\" tabindex=\\\"-1\\\">moritz.baecker@lappersdorf.de<\\\/a><\\\/u><\\\/b><\\\/span><\\\/p>\\n\n\n<p><span><b>T 0941-83099058 <\\\/b><\\\/span><\\\/p>\\n\n\n<p><span><b>H 0170-1559838<br \\\/><\\\/b><\\\/span><\\\/p>\",\"title\":\"MORITZ B\\u00c4CKER\"}}]}]}]}],\"modified\":\"2021-10-03T14:26:46.442Z\",\"name\":\"stripe\"}],\"version\":\"4.2.11\",\"yooessentialsVersion\":\"2.1.3\"} --><\/p>\n","protected":false},"excerpt":{"rendered":"<p>KONTAKT &#038; ANFAHRT ANFAHRT AURELIUMKultur und BegegnungAm Anger 193138 Lappersdorf T 0941-83099055F 0941-83099059 aurelium@lappersdorf.de 49.0491,12.0914 Hierher navigieren EINER DER VORZ\u00dcGE DES AURELIUM IST DIE IDEALE VERKEHRSANBINDUNG AUTO:\u00a0 Beste Verkehrsanbindung \u00fcber die A93 Abfahrt R-Nord, Kreisstrasse R18, Bundesstrasse B16 BUS\/BAHN:\u00a0 Entfernung zum Regensburger Hauptbahnhof 7 km mit direkter Busanbindung (RVV Linie 13, Haltestelle: Kapelle\/AURELIUM) Das AURELIUM [&hellip;]<\/p>\n","protected":false},"author":1,"featured_media":0,"parent":0,"menu_order":0,"comment_status":"closed","ping_status":"closed","template":"","meta":{"_acf_changed":false,"footnotes":""},"class_list":["post-2769","page","type-page","status-publish","hentry"],"acf":[],"publishpress_future_workflow_manual_trigger":{"enabledWorkflows":[]},"_links":{"self":[{"href":"https:\/\/aurelium.de\/index.php?rest_route=\/wp\/v2\/pages\/2769","targetHints":{"allow":["GET"]}}],"collection":[{"href":"https:\/\/aurelium.de\/index.php?rest_route=\/wp\/v2\/pages"}],"about":[{"href":"https:\/\/aurelium.de\/index.php?rest_route=\/wp\/v2\/types\/page"}],"author":[{"embeddable":true,"href":"https:\/\/aurelium.de\/index.php?rest_route=\/wp\/v2\/users\/1"}],"replies":[{"embeddable":true,"href":"https:\/\/aurelium.de\/index.php?rest_route=%2Fwp%2Fv2%2Fcomments&post=2769"}],"version-history":[{"count":102,"href":"https:\/\/aurelium.de\/index.php?rest_route=\/wp\/v2\/pages\/2769\/revisions"}],"predecessor-version":[{"id":6159,"href":"https:\/\/aurelium.de\/index.php?rest_route=\/wp\/v2\/pages\/2769\/revisions\/6159"}],"wp:attachment":[{"href":"https:\/\/aurelium.de\/index.php?rest_route=%2Fwp%2Fv2%2Fmedia&parent=2769"}],"curies":[{"name":"wp","href":"https:\/\/api.w.org\/{rel}","templated":true}]}}