{"id":2498,"date":"2021-10-03T12:56:40","date_gmt":"2021-10-03T12:56:40","guid":{"rendered":"https:\/\/aurelium.label-3.com\/?page_id=2498"},"modified":"2022-01-25T08:49:39","modified_gmt":"2022-01-25T08:49:39","slug":"foyer","status":"publish","type":"page","link":"https:\/\/aurelium.de\/?page_id=2498","title":{"rendered":"FOYER"},"content":{"rendered":"<h1>\n<h1 style=\"color: white; display: inline-block; background-color: #ebaf1b; padding: 10px;\">FOYER<\/h1>\n<\/h1>\n<p>[microphone]<\/p>\n<div>\n<p><strong>Tontechnik &amp; Beschallung:<\/strong><\/p>\n<ul>\n<li>Lautsprecheranlage und (Funk)\u00a0Mikrofonierung<\/li>\n<li>Hochwertige Beschallungsanlage<\/li>\n<li>Induktive H\u00f6ranlage<\/li>\n<\/ul>\n<\/div>\n<hr>\n<p>[bookmark]<\/p>\n<div>\n<p><strong>Werbeanlagen:<\/strong><\/p>\n<ul>\n<li>Beflaggung m\u00f6glich<\/li>\n<li>Nutzung der Flatscreens<\/li>\n<\/ul>\n<p>Bewerbung Ihrer Veranstaltung nach Wunsch auch auf unserer Homepage und in der AURELIUM-Brosch\u00fcre<\/p>\n<\/div>\n<div>\n<p>Das lichtdurchflutete gro\u00dfz\u00fcgige Foyer besticht durch seine ausgesuchten Designelemente und ist das perfekte Entree f\u00fcr Ihre Veranstaltung.<\/p>\n<p>Es bietet einen wundervollen Blick auf die vorgelagerte Sonnenterrasse mit Brunnen.<\/p>\n<\/div>\n<div>\n<p>    <img decoding=\"async\" src=\"\/wp-content\/uploads\/2021\/11\/groesse.png\" alt=\"\"><\/p>\n<h3>Gr\u00f6\u00dfe<\/h3>\n<div>\n<p style=\"font-weight: bold;\">246<\/p>\n<p>qm<\/p><\/div>\n<\/div>\n<div>\n<p>Gerne passen wir uns auch an Ihre individuellen W\u00fcnsche und Vorstellungen an.<\/p>\n<\/div>\n<p>\n    <a href=\"https:\/\/aurelium.de\/?page_id=2769#personen\">JETZT ANFRAGEN<\/a>\n<\/p>\n<ul>\n<li>\n<p>        <img decoding=\"async\" src=\"https:\/\/aurelium.label-3.com\/wp-content\/uploads\/2021\/09\/1612857_cs6_Vorschau.jpg\" alt=\"\"><\/p>\n<\/li>\n<li>\n<p>        <img decoding=\"async\" src=\"\/wp-content\/uploads\/2021\/10\/1612930_cs6_Vorschau.jpg\" alt=\"\"><\/p>\n<\/li>\n<li>\n<\/li>\n<\/ul>\n<div>\n<p><span><b>Basisausstattung der R\u00e4umlichkeiten:<\/b><\/span><\/p>\n<ul>\n<li><span>Energieeffiziente LED-Beleuchtung im Hospitalitybereich<\/span><\/li>\n<li><span>WLAN in allen zug\u00e4nglichen R\u00e4umen<\/span><\/li>\n<li><span>Raumluftk\u00fchlung<\/span><\/li>\n<li><span>Flatscreens auf allen drei Ebenen des Business Centers f\u00fcr das Branding Ihrer Veranstaltung<\/span><\/li>\n<li><span>Mobile Trennw\u00e4nde zur flexiblen Raumgestaltung<\/span><\/li>\n<li><span>Automatische Jalousien zur Verdunkelung<\/span><\/li>\n<li>Abschlie\u00dfbare Garderobenschr\u00e4nke<\/li>\n<\/ul>\n<\/div>\n<hr>\n<p>[settings]<\/p>\n<div>\n<p><strong>Lichttechnik:<\/strong><\/p>\n<ul>\n<li>Variationsreiche Lichtausstattung<\/li>\n<li>Atmosph\u00e4rische Beleuchtung<\/li>\n<\/ul>\n<\/div>\n<hr>\n<p>[home]<\/p>\n<div>\n<p><span><\/span><strong>Sonstige Ausstattung:<\/strong><\/p>\n<ul>\n<li>Flipchart<\/li>\n<li>Pinnwand<\/li>\n<li>Moderationskoffer<\/li>\n<li>Garderobe<\/li>\n<li>Stehtische<\/li>\n<li>Besonders lange Bar-Theke<\/li>\n<\/ul>\n<\/div>\n<p><!--more--><br \/>\n<!-- {\"name\":\"Saal neu\",\"type\":\"layout\",\"children\":[{\"type\":\"section\",\"props\":{\"style\":\"default\",\"width\":\"\",\"vertical_align\":\"middle\",\"title_position\":\"top-left\",\"title_rotation\":\"left\",\"title_breakpoint\":\"xl\",\"image_position\":\"center-center\",\"image\":\"wp-content\\\/uploads\\\/2021\\\/08\\\/1612920_cs6_Vorschau.jpg\",\"image_effect\":\"fixed\",\"image_size\":\"width-1-1\",\"image_parallax_bgy_start\":\"30\",\"height\":\"percent\"},\"children\":[{\"type\":\"row\",\"children\":[{\"type\":\"column\",\"props\":{\"image_position\":\"center-center\",\"media_overlay_gradient\":\"\"},\"children\":[{\"type\":\"headline\",\"props\":{\"title_element\":\"h1\",\"content\":\"\n\n<h1 style=\\\"color: white; display: inline-block; background-color: #ebaf1b; padding: 10px;\\\">FOYER<\\\/h1>\"},\"modified\":\"2021-08-21T07:54:49.684Z\",\"name\":\"Headline neu\"}]}],\"props\":{\"width\":\"default\"}}]},{\"type\":\"section\",\"props\":{\"style\":\"default\",\"width\":\"default\",\"vertical_align\":\"middle\",\"title_position\":\"top-left\",\"title_rotation\":\"left\",\"title_breakpoint\":\"xl\",\"image_position\":\"center-center\",\"animation\":\"slide-right-medium\"},\"children\":[{\"type\":\"row\",\"children\":[{\"type\":\"column\",\"props\":{\"image_position\":\"center-center\",\"media_overlay_gradient\":\"\"},\"children\":[{\"type\":\"text\",\"props\":{\"margin\":\"default\",\"column_breakpoint\":\"m\",\"content\":\"\"}}]}]},{\"type\":\"row\",\"props\":{\"layout\":\"1-4,1-2,1-4\"},\"children\":[{\"type\":\"column\",\"props\":{\"image_position\":\"center-center\",\"media_overlay_gradient\":\"\",\"width_medium\":\"1-4\",\"style\":\"secondary\"},\"children\":[{\"type\":\"icon\",\"props\":{\"icon_width\":60,\"margin\":\"default\",\"text_align\":\"center\",\"icon\":\"microphone\"}},{\"type\":\"text\",\"props\":{\"margin\":\"default\",\"column_breakpoint\":\"m\",\"content\":\"\n\n<p><strong>Tontechnik &amp; Beschallung:<\\\/strong><\\\/p>\\n\n\n<ul>\\n\n\n<li>Lautsprecheranlage und (Funk)\\u00a0Mikrofonierung<\\\/li>\\n\n\n<li>Hochwertige Beschallungsanlage<\\\/li>\\n\n\n<li>Induktive H\\u00f6ranlage<\\\/li>\\n<\\\/ul>\"}},{\"type\":\"divider\",\"props\":{\"divider_element\":\"hr\"}},{\"type\":\"icon\",\"props\":{\"icon_width\":60,\"margin\":\"default\",\"text_align\":\"center\",\"icon\":\"bookmark\"}},{\"type\":\"text\",\"props\":{\"margin\":\"default\",\"column_breakpoint\":\"m\",\"content\":\"\n\n<p><strong>Werbeanlagen:<\\\/strong><\\\/p>\\n\n\n<ul>\\n\n\n<li>Beflaggung m\\u00f6glich<\\\/li>\\n\n\n<li>Nutzung der Flatscreens<\\\/li>\\n<\\\/ul>\\n\n\n<p>Bewerbung Ihrer Veranstaltung nach Wunsch auch auf unserer Homepage und in der AURELIUM-Brosch\\u00fcre<\\\/p>\"}}]},{\"type\":\"column\",\"props\":{\"image_position\":\"center-center\",\"media_overlay_gradient\":\"\",\"width_medium\":\"1-2\",\"order_first\":\"xs\"},\"children\":[{\"type\":\"text\",\"props\":{\"margin\":\"default\",\"column_breakpoint\":\"m\",\"content\":\"\n\n<p>Das lichtdurchflutete gro\\u00dfz\\u00fcgige Foyer besticht durch seine ausgesuchten Designelemente und ist das perfekte Entree f\\u00fcr Ihre Veranstaltung.<\\\/p>\\n\n\n<p>Es bietet einen wundervollen Blick auf die vorgelagerte Sonnenterrasse mit Brunnen.<\\\/p>\"}},{\"type\":\"grid\",\"props\":{\"show_title\":true,\"show_meta\":true,\"show_content\":true,\"show_image\":true,\"show_link\":true,\"grid_default\":\"1\",\"grid_medium\":\"3\",\"filter_style\":\"tab\",\"filter_all\":true,\"filter_position\":\"top\",\"filter_align\":\"left\",\"filter_grid_width\":\"auto\",\"filter_grid_breakpoint\":\"m\",\"title_hover_style\":\"reset\",\"title_element\":\"h3\",\"title_align\":\"top\",\"title_grid_width\":\"1-2\",\"title_grid_breakpoint\":\"m\",\"meta_style\":\"meta\",\"meta_align\":\"below-title\",\"meta_element\":\"div\",\"content_column_breakpoint\":\"m\",\"icon_width\":80,\"image_align\":\"top\",\"image_grid_width\":\"1-2\",\"image_grid_breakpoint\":\"m\",\"image_svg_color\":\"emphasis\",\"link_text\":\"Read more\",\"link_style\":\"default\",\"margin\":\"default\",\"item_animation\":true,\"panel_style\":\"card-primary\",\"title_style\":\"h5\",\"title_margin\":\"small\"},\"children\":[{\"type\":\"grid_item\",\"props\":{\"title\":\"Gr\\u00f6\\u00dfe\",\"content\":\"\n\n<p style=\\\"font-weight: bold;\\\">246<\\\/p>qm\",\"image\":\"wp-content\\\/uploads\\\/2021\\\/11\\\/groesse.png\"}}],\"modified\":\"2021-10-22T08:25:26.205Z\",\"name\":\"Bestuhlung\"},{\"type\":\"text\",\"props\":{\"margin\":\"default\",\"column_breakpoint\":\"m\",\"content\":\"\n\n<p>Gerne passen wir uns auch an Ihre individuellen W\\u00fcnsche und Vorstellungen an.<\\\/p>\"},\"modified\":\"2021-10-22T08:26:53.230Z\",\"name\":\"Hinweis zur Bestuhlung\"},{\"type\":\"button\",\"props\":{\"grid_column_gap\":\"small\",\"grid_row_gap\":\"small\",\"margin\":\"default\"},\"children\":[{\"type\":\"button_item\",\"props\":{\"button_style\":\"secondary\",\"icon_align\":\"left\",\"content\":\"JETZT ANFRAGEN\",\"link\":\"https:\\\/\\\/aurelium.de\\\/?page_id=2769#personen\",\"icon\":\"mail\"}}]},{\"type\":\"gallery\",\"props\":{\"show_title\":true,\"show_meta\":true,\"show_content\":true,\"show_link\":true,\"show_hover_image\":true,\"grid_default\":\"1\",\"grid_medium\":\"\",\"filter_style\":\"tab\",\"filter_all\":true,\"filter_position\":\"top\",\"filter_align\":\"left\",\"filter_grid_width\":\"auto\",\"filter_grid_breakpoint\":\"m\",\"overlay_mode\":\"cover\",\"overlay_hover\":true,\"overlay_style\":\"overlay-primary\",\"text_color\":\"light\",\"overlay_position\":\"center\",\"overlay_transition\":\"fade\",\"title_hover_style\":\"reset\",\"title_element\":\"h3\",\"meta_style\":\"meta\",\"meta_align\":\"below-title\",\"meta_element\":\"div\",\"link_text\":\"Read more\",\"link_style\":\"default\",\"text_align\":\"center\",\"margin\":\"default\",\"item_animation\":true},\"children\":[{\"type\":\"gallery_item\",\"props\":{\"image\":\"https:\\\/\\\/aurelium.label-3.com\\\/wp-content\\\/uploads\\\/2021\\\/09\\\/1612857_cs6_Vorschau.jpg\"}},{\"type\":\"gallery_item\",\"props\":{\"image\":\"wp-content\\\/uploads\\\/2021\\\/10\\\/1612930_cs6_Vorschau.jpg\"}},{\"type\":\"gallery_item\",\"props\":{\"image\":\"\"}}]}]},{\"type\":\"column\",\"props\":{\"image_position\":\"center-center\",\"media_overlay_gradient\":\"\",\"width_medium\":\"1-4\",\"style\":\"secondary\"},\"children\":[{\"type\":\"icon\",\"props\":{\"icon_width\":60,\"margin\":\"default\",\"text_align\":\"center\"}},{\"type\":\"text\",\"props\":{\"margin\":\"default\",\"column_breakpoint\":\"m\",\"content\":\"\n\n<p><span><b>Basisausstattung der R\\u00e4umlichkeiten:<\\\/b><\\\/span><\\\/p>\\n\n\n<ul>\\n\n\n<li><span>Energieeffiziente LED-Beleuchtung im Hospitalitybereich<\\\/span><\\\/li>\\n\n\n<li><span>WLAN in allen zug\\u00e4nglichen R\\u00e4umen<\\\/span><\\\/li>\\n\n\n<li><span>Raumluftk\\u00fchlung<\\\/span><\\\/li>\\n\n\n<li><span>Flatscreens auf allen drei Ebenen des Business Centers f\\u00fcr das Branding Ihrer Veranstaltung<\\\/span><\\\/li>\\n\n\n<li><span>Mobile Trennw\\u00e4nde zur flexiblen Raumgestaltung<\\\/span><\\\/li>\\n\n\n<li><span>Automatische Jalousien zur Verdunkelung<\\\/span><\\\/li>\\n\n\n<li>Abschlie\\u00dfbare Garderobenschr\\u00e4nke<\\\/li>\\n<\\\/ul>\"}},{\"type\":\"divider\",\"props\":{\"divider_element\":\"hr\"}},{\"type\":\"icon\",\"props\":{\"icon_width\":60,\"margin\":\"default\",\"text_align\":\"center\",\"icon\":\"settings\"}},{\"type\":\"text\",\"props\":{\"margin\":\"default\",\"column_breakpoint\":\"m\",\"content\":\"\n\n<p><strong>Lichttechnik:<\\\/strong><\\\/p>\\n\n\n<ul>\\n\n\n<li>Variationsreiche Lichtausstattung<\\\/li>\\n\n\n<li>Atmosph\\u00e4rische Beleuchtung<\\\/li>\\n<\\\/ul>\"}},{\"type\":\"divider\",\"props\":{\"divider_element\":\"hr\"}},{\"type\":\"icon\",\"props\":{\"icon_width\":60,\"margin\":\"default\",\"text_align\":\"center\",\"icon\":\"home\"}},{\"type\":\"text\",\"props\":{\"margin\":\"default\",\"column_breakpoint\":\"m\",\"content\":\"\n\n<p><span><\\\/span><strong>Sonstige Ausstattung:<\\\/strong><\\\/p>\\n\n\n<ul>\\n\n\n<li>Flipchart<\\\/li>\\n\n\n<li>Pinnwand<\\\/li>\\n\n\n<li>Moderationskoffer<\\\/li>\\n\n\n<li>Garderobe<\\\/li>\\n\n\n<li>Stehtische<\\\/li>\\n\n\n<li>Besonders lange Bar-Theke<\\\/li>\\n<\\\/ul>\"}}]}]}]}],\"version\":\"2.6.3\"} --><\/p>\n","protected":false},"excerpt":{"rendered":"<p>FOYER [microphone] Tontechnik &amp; Beschallung: Lautsprecheranlage und (Funk)\u00a0Mikrofonierung Hochwertige Beschallungsanlage Induktive H\u00f6ranlage [bookmark] Werbeanlagen: Beflaggung m\u00f6glich Nutzung der Flatscreens Bewerbung Ihrer Veranstaltung nach Wunsch auch auf unserer Homepage und in der AURELIUM-Brosch\u00fcre Das lichtdurchflutete gro\u00dfz\u00fcgige Foyer besticht durch seine ausgesuchten Designelemente und ist das perfekte Entree f\u00fcr Ihre Veranstaltung. Es bietet einen wundervollen Blick auf [&hellip;]<\/p>\n","protected":false},"author":1,"featured_media":0,"parent":0,"menu_order":0,"comment_status":"closed","ping_status":"closed","template":"","meta":{"_acf_changed":false,"footnotes":""},"class_list":["post-2498","page","type-page","status-publish","hentry"],"acf":[],"publishpress_future_workflow_manual_trigger":{"enabledWorkflows":[]},"_links":{"self":[{"href":"https:\/\/aurelium.de\/index.php?rest_route=\/wp\/v2\/pages\/2498","targetHints":{"allow":["GET"]}}],"collection":[{"href":"https:\/\/aurelium.de\/index.php?rest_route=\/wp\/v2\/pages"}],"about":[{"href":"https:\/\/aurelium.de\/index.php?rest_route=\/wp\/v2\/types\/page"}],"author":[{"embeddable":true,"href":"https:\/\/aurelium.de\/index.php?rest_route=\/wp\/v2\/users\/1"}],"replies":[{"embeddable":true,"href":"https:\/\/aurelium.de\/index.php?rest_route=%2Fwp%2Fv2%2Fcomments&post=2498"}],"version-history":[{"count":24,"href":"https:\/\/aurelium.de\/index.php?rest_route=\/wp\/v2\/pages\/2498\/revisions"}],"predecessor-version":[{"id":3921,"href":"https:\/\/aurelium.de\/index.php?rest_route=\/wp\/v2\/pages\/2498\/revisions\/3921"}],"wp:attachment":[{"href":"https:\/\/aurelium.de\/index.php?rest_route=%2Fwp%2Fv2%2Fmedia&parent=2498"}],"curies":[{"name":"wp","href":"https:\/\/api.w.org\/{rel}","templated":true}]}}