{"id":1985,"date":"2021-08-27T06:22:29","date_gmt":"2021-08-27T06:22:29","guid":{"rendered":"https:\/\/aurelium.label-3.com\/?page_id=1985"},"modified":"2026-02-10T11:24:56","modified_gmt":"2026-02-10T11:24:56","slug":"impressum","status":"publish","type":"page","link":"https:\/\/aurelium.de\/?page_id=1985","title":{"rendered":"IMPRESSUM"},"content":{"rendered":"<div>\n<p class=\"bodytext\"><b>Herausgeber<\/b><\/p>\n<p class=\"bodytext\">Herausgeber dieser Internetseiten ist der Markt Lappersdorf. Der Markt Lappersdorf ist eine Gebietsk\u00f6rperschaft des \u00f6ffentlichen Rechts, vertreten durch den Ersten B\u00fcrgermeister Christian Hauner.<\/p>\n<p class=\"bodytext\"><b><br \/>Anschrift und Erreichbarkeit<\/b><\/p>\n<p class=\"bodytext\">Markt Lappersdorf<br \/>vertreten durch Ersten B\u00fcrgermeister Christian Hauner<br \/>Rathausstra\u00dfe 3<br \/>D 93138 Lappersdorf<br \/>Telefon: (0941) 8 30 00-0<br \/>Fax: (0941) 8 30 00-99<br \/>e-Mail:<span>\u00a0<\/span><a href=\"mailto:marktverwaltung@lappersdorf.de\">marktverwaltung@lappersdorf.de<\/a><br \/>USt-Identifikationsnummer DE133714122<\/p>\n<p class=\"bodytext\"><b>Aufsichtsbeh\u00f6rde<\/b><\/p>\n<p class=\"bodytext\">Zust\u00e4ndige Aufsichtsbeh\u00f6rde ist das<br \/>Landratsamt Regensburg<br \/>Altm\u00fchlstra\u00dfe 3<br \/>D 93059 Regensburg<br \/>Telefon: 0941\/4009-0<br \/>Telefax: 0941\/4009-299<br \/>E-Mail:<span>\u00a0<\/span><a href=\"mailto:poststelle@landratsamt-regensburg.de\">poststelle@landratsamt-regensburg.de<\/a><\/p>\n<\/p>\n<p class=\"bodytext\"><b>Verantwortlich f\u00fcr den Inhalt<\/b><\/p>\n<p class=\"bodytext\">Markt Lappersdorf<br \/>vertreten durch Ersten B\u00fcrgermeister Christian Hauner<br \/>Rathausstra\u00dfe 3<br \/>D 93138 Lappersdorf<br \/>Telefon: (0941) 8 30 00-0<br \/>Fax: (0941) 8 30 00-99<br \/>e-Mail:<span>\u00a0<\/span><a href=\"mailto:marktverwaltung@lappersdorf.de\">marktverwaltung@lappersdorf.de<\/a><\/p>\n<\/p>\n<p class=\"bodytext\">Namentlich gekennzeichnete Internetseiten geben die Auffassungen und Erkenntnisse der genannten Personen wieder.<\/p>\n<p class=\"bodytext\">Die fachlichen Inhalte werden von den einzelnen \u00c4mtern und Sachgebieten des Marktes Lappersdorf\u00a0 bereitgestellt. Bei Fragen zum fachlichen Inhalt wenden Sie sich daher bitte an den jeweils genannten zust\u00e4ndigen Fachbereich.<\/p>\n<p class=\"bodytext\">Namentlich gekennzeichnete Internetseiten geben die Auffassungen und Erkenntnisse der genannten Personen wider.<\/p>\n<p>Bildnachweise Fotos: J\u00fcrgen Krall (Geb\u00e4udeansichten innen und au\u00dfen); Florian Heigenhauser (Geb\u00e4udeansichten innen und au\u00dfen); Hans Stich (Impressionen-Akkordeon Club); Juan Martin Koch (Impressionen-Aris Quartett); Sepp Zauner (Impressionen Benefizkonzert); Josef Dummer (Impressionen Scheck\u00fcbergabe); Birgit Jakob (Impressionen Geb\u00e4ude, Catering); Bernhard Kaiser (Geb\u00e4udeansicht au\u00dfen); Michael Scheiner (Impressionen Notwist); Bernd Schweinar (Impressionen G\u00fcnther Sigl Band)<\/p>\n<\/div>\n<p><!--more--><br \/>\n<!-- {\"type\":\"layout\",\"children\":[{\"type\":\"section\",\"props\":{\"image_position\":\"center-center\",\"style\":\"default\",\"title_breakpoint\":\"xl\",\"title_position\":\"top-left\",\"title_rotation\":\"left\",\"vertical_align\":\"middle\",\"width\":\"default\"},\"children\":[{\"type\":\"row\",\"children\":[{\"type\":\"column\",\"props\":{\"image_position\":\"center-center\",\"position_sticky_breakpoint\":\"m\"},\"children\":[{\"type\":\"text\",\"props\":{\"column_breakpoint\":\"m\",\"content\":\"\n\n<p class=\\\"bodytext\\\"><b>Herausgeber<\\\/b><\\\/p>\\n\n\n<p class=\\\"bodytext\\\">Herausgeber dieser Internetseiten ist der Markt Lappersdorf. Der Markt Lappersdorf ist eine Gebietsk\\u00f6rperschaft des \\u00f6ffentlichen Rechts, vertreten durch den Ersten B\\u00fcrgermeister Christian Hauner.<\\\/p>\\n\n\n<p class=\\\"bodytext\\\"><b><br \\\/>Anschrift und Erreichbarkeit<\\\/b><\\\/p>\\n\n\n<p class=\\\"bodytext\\\">Markt Lappersdorf<br \\\/>vertreten durch Ersten B\\u00fcrgermeister Christian Hauner<br \\\/>Rathausstra\\u00dfe 3<br \\\/>D 93138 Lappersdorf<br \\\/>Telefon: (0941) 8 30 00-0<br \\\/>Fax: (0941) 8 30 00-99<br \\\/>e-Mail:<span>\\u00a0<\\\/span><a href=\\\"mailto:marktverwaltung@lappersdorf.de\\\">marktverwaltung@lappersdorf.de<\\\/a><br \\\/>USt-Identifikationsnummer DE133714122<\\\/p>\\n\n\n<p class=\\\"bodytext\\\"><br \\\/><b>Aufsichtsbeh\\u00f6rde<\\\/b><\\\/p>\\n\n\n<p class=\\\"bodytext\\\">Zust\\u00e4ndige Aufsichtsbeh\\u00f6rde ist das<br \\\/>Landratsamt Regensburg<br \\\/>Altm\\u00fchlstra\\u00dfe 3<br \\\/>D 93059 Regensburg<br \\\/>Telefon: 0941\\\/4009-0<br \\\/>Telefax: 0941\\\/4009-299<br \\\/>E-Mail:<span>\\u00a0<\\\/span><a href=\\\"mailto:poststelle@landratsamt-regensburg.de\\\">poststelle@landratsamt-regensburg.de<\\\/a><\\\/p>\\n\n\n<p><\\\/p>\\n\n\n<p class=\\\"bodytext\\\"><b>Verantwortlich f\\u00fcr den Inhalt<\\\/b><\\\/p>\\n\n\n<p class=\\\"bodytext\\\">Markt Lappersdorf<br \\\/>vertreten durch Ersten B\\u00fcrgermeister Christian Hauner<br \\\/>Rathausstra\\u00dfe 3<br \\\/>D 93138 Lappersdorf<br \\\/>Telefon: (0941) 8 30 00-0<br \\\/>Fax: (0941) 8 30 00-99<br \\\/>e-Mail:<span>\\u00a0<\\\/span><a href=\\\"mailto:marktverwaltung@lappersdorf.de\\\">marktverwaltung@lappersdorf.de<\\\/a><\\\/p>\\n\n\n<p><\\\/p>\\n\n\n<p class=\\\"bodytext\\\">Namentlich gekennzeichnete Internetseiten geben die Auffassungen und Erkenntnisse der genannten Personen wieder.<\\\/p>\\n\n\n<p class=\\\"bodytext\\\">Die fachlichen Inhalte werden von den einzelnen \\u00c4mtern und Sachgebieten des Marktes Lappersdorf\\u00a0 bereitgestellt. Bei Fragen zum fachlichen Inhalt wenden Sie sich daher bitte an den jeweils genannten zust\\u00e4ndigen Fachbereich.<\\\/p>\\n\n\n<p class=\\\"bodytext\\\">Namentlich gekennzeichnete Internetseiten geben die Auffassungen und Erkenntnisse der genannten Personen wider.<\\\/p>\\n\n\n<p>Bildnachweise Fotos: J\\u00fcrgen Krall (Geb\\u00e4udeansichten innen und au\\u00dfen); Florian Heigenhauser (Geb\\u00e4udeansichten innen und au\\u00dfen); Hans Stich (Impressionen-Akkordeon Club); Juan Martin Koch (Impressionen-Aris Quartett); Sepp Zauner (Impressionen Benefizkonzert); Josef Dummer (Impressionen Scheck\\u00fcbergabe); Birgit Jakob (Impressionen Geb\\u00e4ude, Catering); Bernhard Kaiser (Geb\\u00e4udeansicht au\\u00dfen); Michael Scheiner (Impressionen Notwist); Bernd Schweinar (Impressionen G\\u00fcnther Sigl Band)<\\\/p>\",\"margin\":\"default\"}}]}]}]}],\"version\":\"4.2.11\",\"yooessentialsVersion\":\"2.1.3\"} --><\/p>\n","protected":false},"excerpt":{"rendered":"<p>Herausgeber Herausgeber dieser Internetseiten ist der Markt Lappersdorf. Der Markt Lappersdorf ist eine Gebietsk\u00f6rperschaft des \u00f6ffentlichen Rechts, vertreten durch den Ersten B\u00fcrgermeister Christian Hauner. Anschrift und Erreichbarkeit Markt Lappersdorfvertreten durch Ersten B\u00fcrgermeister Christian HaunerRathausstra\u00dfe 3D 93138 LappersdorfTelefon: (0941) 8 30 00-0Fax: (0941) 8 30 00-99e-Mail:\u00a0marktverwaltung@lappersdorf.deUSt-Identifikationsnummer DE133714122 Aufsichtsbeh\u00f6rde Zust\u00e4ndige Aufsichtsbeh\u00f6rde ist dasLandratsamt RegensburgAltm\u00fchlstra\u00dfe 3D 93059 RegensburgTelefon: [&hellip;]<\/p>\n","protected":false},"author":1,"featured_media":0,"parent":0,"menu_order":0,"comment_status":"closed","ping_status":"closed","template":"","meta":{"_acf_changed":false,"footnotes":""},"class_list":["post-1985","page","type-page","status-publish","hentry"],"acf":[],"publishpress_future_workflow_manual_trigger":{"enabledWorkflows":[]},"_links":{"self":[{"href":"https:\/\/aurelium.de\/index.php?rest_route=\/wp\/v2\/pages\/1985","targetHints":{"allow":["GET"]}}],"collection":[{"href":"https:\/\/aurelium.de\/index.php?rest_route=\/wp\/v2\/pages"}],"about":[{"href":"https:\/\/aurelium.de\/index.php?rest_route=\/wp\/v2\/types\/page"}],"author":[{"embeddable":true,"href":"https:\/\/aurelium.de\/index.php?rest_route=\/wp\/v2\/users\/1"}],"replies":[{"embeddable":true,"href":"https:\/\/aurelium.de\/index.php?rest_route=%2Fwp%2Fv2%2Fcomments&post=1985"}],"version-history":[{"count":18,"href":"https:\/\/aurelium.de\/index.php?rest_route=\/wp\/v2\/pages\/1985\/revisions"}],"predecessor-version":[{"id":6168,"href":"https:\/\/aurelium.de\/index.php?rest_route=\/wp\/v2\/pages\/1985\/revisions\/6168"}],"wp:attachment":[{"href":"https:\/\/aurelium.de\/index.php?rest_route=%2Fwp%2Fv2%2Fmedia&parent=1985"}],"curies":[{"name":"wp","href":"https:\/\/api.w.org\/{rel}","templated":true}]}}